 is -1302221 + 3?
-1302212
In base 2, what is 101 + -110001?
-101100
In base 15, what is -abc - 2?
-abe
In base 8, what is -2 - -512?
510
In base 16, what is -f - -53?
44
In base 16, what is 49e - -5?
4a3
In base 5, what is -303301 - 1?
-303302
In base 14, what is -2d - 5?
-34
In base 4, what is 0 - -1021?
1021
In base 2, what is -1 - -1110011010?
1110011001
In base 3, what is 10102 + -10?
10022
In base 4, what is 1200 - -110?
1310
In base 11, what is -78 + -3?
-80
In base 2, what is 110 - -1010010?
1011000
In base 3, what is 110 - 202?
-22
In base 9, what is 140 - 17?
122
In base 14, what is -149c + -5?
-14a3
In base 14, what is 456 + 2?
458
In base 6, what is 5 - -122?
131
In base 11, what is 5 + 38?
42
In base 14, what is 6 + 54?
5a
In base 6, what is -2 - -1520?
1514
In base 2, what is -101 + -1001100101110?
-1001100110011
In base 6, what is 214 - -4?
222
In base 9, what is 4 - 28?
-24
In base 4, what is -132101 + 3?
-132032
In base 5, what is -2 - 130?
-132
In base 10, what is -254 - -2?
-252
In base 15, what is -e9 + -3?
-ec
In base 7, what is 146 + 14?
163
In base 16, what is 4c - 2?
4a
In base 15, what is -2 + 13?
11
In base 3, what is -2 - 112102?
-112111
In base 9, what is -377 - 6?
-384
In base 7, what is -215 + 4?
-211
In base 11, what is -5 - -691?
687
In base 15, what is -1 - -a32?
a31
In base 6, what is -4 - -11?
3
In base 9, what is 501 + -8?
482
In base 15, what is -1c1 - 5?
-1c6
In base 10, what is -39 + 8?
-31
In base 4, what is -3023 - -1?
-3022
In base 4, what is 13 + 3?
22
In base 5, what is 134 + 100?
234
In base 5, what is 3 + -10200?
-10142
In base 8, what is -5 + 135?
130
In base 2, what is 10100 - -1101?
100001
In base 16, what is 75 - 7?
6e
In base 5, what is -240 + -113?
-403
In base 14, what is 2 + 127?
129
In base 9, what is 1 - -541?
542
In base 2, what is 110 + 1000010010?
1000011000
In base 7, what is -333 - 4?
-340
In base 9, what is 5651 - 4?
5646
In base 11, what is -17 + 7a?
63
In base 3, what is -111 + 2000?
1112
In base 6, what is 2125 - 23?
2102
In base 8, what is 2 + -2?
0
In base 10, what is -2 + 51?
49
In base 3, what is 11 + -2201020?
-2201002
In base 6, what is 1053 - -5?
1102
In base 4, what is 3 + -221013?
-221010
In base 9, what is 1 + -261?
-260
In base 12, what is -44b + 2?
-449
In base 13, what is 3 + -224?
-221
In base 12, what is -1 - 3b?
-40
In base 14, what is -8 - 23a?
-244
In base 13, what is 5c + 2?
61
In base 7, what is -1 + -364?
-365
In base 2, what is 101 + 10001110?
10010011
In base 11, what is 7 + -114?
-108
In base 12, what is -285 - 4?
-289
In base 3, what is -110 - 101111?
-101221
In base 16, what is c9 + 1e?
e7
In base 12, what is 32 - -2a?
60
In base 5, what is 133004 + -4?
133000
In base 7, what is -4 + -243?
-250
In base 6, what is -15 + -10?
-25
In base 8, what is 1030 + -2?
1026
In base 9, what is 7 + -2282?
-2274
In base 9, what is 7053 - -3?
7056
In base 15, what is dd - -9?
e7
In base 11, what is -3 + -109?
-111
In base 3, what is 102122100 - 12?
102122011
In base 12, what is 1098 - -5?
10a1
In base 9, what is -2 + 23?
21
In base 9, what is 14 + 20?
34
In base 15, what is 0 + 2d?
2d
In base 8, what is -26 - 337?
-365
In base 10, what is 12042 + -4?
12038
In base 12, what is 0 - 155?
-155
In base 5, what is -10 + -40?
-100
In base 15, what is -9 + -12d?
-137
In base 15, what is -1 - 9?
-a
In base 5, what is -4 + -1014?
-1023
In base 16, what is 31 - -17?
48
In base 7, what is -2 + -44?
-46
In base 3, what is 10021220 - -10?
10022000
In base 6, what is 3100 + -4?
3052
In base 13, what is -69 + 8?
-61
In base 13, what is -7bac - 3?
-7bb2
In base 13, what is 4 - 359?
-355
In base 13, what is 6 - 7c?
-76
In base 4, what is -10 - 313022?
-313032
In base 10, what is 2 - 5097?
-5095
In base 12, what is -3 - -191?
18a
In base 4, what is 3231103 - -11?
3231120
In base 4, what is 21 + -1020?
-333
In base 15, what is -3d20 + 5?
-3d1a
In base 10, what is 18 - 66?
-48
In base 16, what is -1 - 2?
-3
In base 10, what is 1 + 638?
639
In base 3, what is 100 - -10202?
11002
In base 13, what is 2c + -2?
2a
In base 5, what is -140 - 0?
-140
In base 16, what is -5 - -5f?
5a
In base 3, what is -10101 + 20?
-10011
In base 9, what is 38 - -10?
48
In base 14, what is 0 - a?
-a
In base 8, what is 240 - -123?
363
In base 13, what is 4 - -46b?
472
In base 11, what is -172 - 2?
-174
In base 15, what is -5 + 19?
14
In base 10, what is -25 - 26?
-51
In base 11, what is -24788 + -3?
-24790
In base 15, what is -2 - 1e4?
-1e6
In base 16, what is b6d8 - 1?
b6d7
In base 16, what is 46 - -2e?
74
In base 14, what is 14 - -1?
15
In base 14, what is -4 + -233?
-237
In base 10, what is -5 - 56?
-61
In base 7, what is 20 + 2205?
2225
In base 9, what is -10 - -4014?
4004
In base 12, what is -3a - -22?
-18
In base 7, what is -1302 + 1?
-1301
In base 15, what is -3 + -585?
-588
In base 11, what is 11 - 68?
-57
In base 11, what is -2 + 2a27?
2a25
In base 14, what is 3 - 297?
-294
In base 16, what is -34 - 17?
-4b
In base 12, what is -3 + -57?
-5a
In base 15, what is -1 + -17?
-18
In base 7, what is 23 + 22?
45
In base 9, what is -160 + -47?
-217
In base 15, what is -1 + -7?
-8
In base 11, what is 3 - -329?
331
In base 8, what is -2046 - -2?
-2044
In base 4, what is -12 + 2111?
2033
In base 15, what is 133 - 2?
131
In base 7, what is 1 + 23?
24
In base 6, what is -10 + 21?
11
In base 8, what is -167 - -7?
-160
In base 8, what is -126 + 16?
-110
In base 8, what is -115 - -14?
-101
In base 2, what is -10000 + -10011?
-100011
In base 15, what is 89c - 0?
89c
In base 6, what is -1 + 515?
514
In base 9, what is -2 + 84?
82
In base 8, what is -1042 - 3?
-1045
In base 9, what is -4 - -718?
714
In base 3, what is 2202220 - 12?
2202201
In base 12, what is 94 + 2?
96
In base 10, what is 20 - -67?
87
In base 16, what is -2 - 77?
-79
In base 4, what is -10 - 310303?
-310313
In base 7, what is 503 + 15?
521
In base 13, what is -10 + 12?
2
In base 15, what is -2a + 8d?
63
In base 14, what is 1 + 106?
107
In base 16, what is -33 - -c?
-27
In base 15, what is 49 - 2?
47
In base 11, what is -3831 - 2?
-3833
In base 5, what is -13 - -1334?
1321
In base 16, what is -1 - 8a?
-8b
In base 4, what is 21210330 + -11?
21210313
In base 12, what is -161a - -1?
-1619
In base 11, what is -10 + 1?
-a
In base 8, what is -40 + -2?
-42
In base 8, what is -4 + 4627?
4623
In base 3, what is 222 + 21000?
21222
In base 16, what is 1 + -54d?
-54c
In base 3, what is -10 - 10112?
-10122
In base 2, what is -1 - 101110100?
-101110101
In base 2, what is 110001 + -10?
101111
In base 5, what is -330 + -3?
-333
In base 5, what is 1103 - -300?
1403
In base 2, what is -11 + 101101?
101010
In base 6, what is 11 - 14434?
-14423
In base 10, what is -89 + 0?
-89
In base 4, what is -11 + 323?
312
In base 8, what is 101 + 3?
104
In base 16, what is 5 - -13f?
144
In base 7, what is 2 + 30650?
30652
In base 15, what is 1 + 1c37?
1c38
In base 15, what is -1b - 9?
-25
In base 5, what is 10 + 10143?
10203
In base 16, what is -2 - 5c?
-5e
In base 10, what is -1387 - -12?
-1375
In base 9, what is -25 - 237?
-263
In base 3, what is 1020221 - 1?
1020220
In base 7, what is -404 + 3?
-401
In base 12, what is -220 - -3?
-219
In base 16, what is -3072 - 5?
-3077
In base 10, what is -28 - 587?
-615
In base 16, what is 25f + 4?
263
In base 9, what is -415 + 2?
-413
In base 11, what is -25 - -163?
139
In base 5, what is 1 + -21441?
-21440
In base 14, what is 49 + -3?
46
In base 10, what is 17 + -86?
-69
In base 11, what is 7a1 - -5?
7a6
In base 8, what is -1 - 16?
-17
In base 2, what is -111000 - -1000?
-110000
In base 10, what is 11 + 122?
133
In base 10, what is -681 + 4?
-677
In base 3, what is -12 - -20222?
20210
In base 11, what is -1965 + -3?
-1968
In base 12, what is -19 - 109?
-126
In base 2, what is -11100001101 + -1000?
-11100010101
In base 3, what is 1120 + -1?
1112
In base 12, what is -1b8 + 5?
-1b3
In base 16, what is 1 - 44?
-43
In base 5, what is 2 + -111?
-104
In base 16, what is -f - 17?
-26
In base 9, what is 6 - 167?
-161
In base 5, what is 241 - 0?
241
In base 2, what is 101 + -1010000100100?
-1010000011111
In base 16, what is 1c0 + 4?
1c4
In base 8, what is 11 + -112?
-101
In base 2, what is 1011110001011 - -11?
1011110001110
In base 12, what is 49 - 9?
40
I